t the prime factors of f.
61
Let v(n) = n**2 + 16*n + 28. List the prime factors of v(-23).
3, 7
Let i = 84 - 84. Suppose 154*r - 155*r + 163 = i. List the prime factors of r.
163
Suppose 0 = 28*z - 26*z - 200. What are the prime factors of z?
2, 5
Let m(y) = y + 16. Let v be m(-13). Let f(r) = 7*r**2 - 7*r + 7. List the prime factors of f(v).
7
Let o(p) = p - 3. Let u be 4 + (-2 + 5 - 1). Let d be o(u). Suppose a - d*a = -52. What are the prime factors of a?
2, 13
Suppose 4*a - 78 = -14. List the prime factors of -9*(a/(-3) - 1).
3, 19
Let y(p) = -15*p + 52. Let d be y(15). Let n = -63 - d. List the prime factors of n.
2, 5, 11
Suppose -4*m - 4*q = -4752, -7*q = -m - 9*q + 1183. Suppose 3*t + 128 + 105 = k, 0 = 5*k - t - m. What are the prime factors of k?
239
Suppose 0 = -i + 830 + 252. What are the prime factors of i?
2, 541
What are the prime factors of (-6)/57 + 420914/247?
2, 3, 71
Suppose -8*v - 4*v + 17484 = 0. List the prime factors of v.
31, 47
Suppose -12120 = 7*o - 11*o + j, -9109 = -3*o - 4*j. List the prime factors of o.
7, 433
Let h = 2520 + 300. List the prime factors of h.
2, 3, 5, 47
Suppose 994 = -7*n + 9*n - 4*c, -n + c + 498 = 0. What are the prime factors of n?
499
Let c(g) = 36*g**2 + 18. Let m(a) = 1. Let o(j) = c(j) - 15*m(j). Let f be o(2). Let s = f + -86. List the prime factors of s.
61
Let j(p) = -p + 595. What are the prime factors of j(36)?
13, 43
Let v(l) = 39*l - 8. List the prime factors of v(9).
7
Let g(z) = -47*z**3 + 4*z**2 + 3*z - 3. Let x be g(2). List the prime factors of (-3)/6 + x/(-2).
2, 89
List the prime factors of 1/(-8) - 12/32*-1907.
5, 11, 13
Suppose -7*z + 2*z + 30 = 0. Let t = 36 - z. List the prime factors of (-1*(t + 2))/(-2).
2
Let f(q) = -12*q + 8. Let w(l) = l**2 - 11*l + 7. Let v(m) = -4*f(m) + 5*w(m). What are the prime factors of v(4)?
5, 11
Let c(v) = -v**3 - 2*v**2 + 2*v + 3. Let u be c(0). Suppose 3*k = -3*s + 396, -5*s + 415 = -u*k - 277. List the prime factors of s.
2, 17
Let x(k) = 26*k**2 + 3*k. Suppose -7*f = -11*f + 8. What are the prime factors of x(f)?
2, 5, 11
Suppose 0 = -5*o + 8 + 12. Suppose 2*t + 20 = o*v, t - 2 = -2*v - 0. What are the prime factors of ((-10)/(-4))/(t/(-32))?
2, 5
Let b = 41 - 8. Suppose -80 = b*l - 34*l. List the prime factors of l.
2, 5
Let p(l) = 10*l + 9 - 3*l**2 + 4*l**3 - 3*l**2 - 5*l**3 + 2*l**2. What are the prime factors of p(-7)?
2, 43
Suppose 6*o = 5*s + 2*o - 5040, 2*s - 2*o = 2018. What are the prime factors of s?
2, 251
Suppose -r - 214 = -2*b - 2*r, 0 = -3*r - 6. Let x = 39 + b. What are the prime factors of x?
3, 7
Let d = 29 + -21. Let t(w) = w**3 - 8*w**2 + 2*w - 4. Let f be t(d). Suppose f - 48 = -2*v. List the prime factors of v.
2, 3
Let p be (-6)/4 + 33/2. Let j = p - 11. List the prime factors of 2 + j*(-9)/(-12).
5
Let d = -216 + 782. List the prime factors of d.
2, 283
Suppose 0 = -3*j - 4*v + 1638 + 906, 3*v = -3*j + 2544. List the prime factors of j.
2, 53
Let j(p) be the third derivative of p**6/240 - p**5/30 + 5*p**4/24 - 11*p**2. Let u(k) be the second derivative of j(k). List the prime factors of u(8).
2, 5
Let w = 1747 - 320. List the prime factors of w.
1427
Suppose -2*f - 4*m + 4438 = 0, -4*f = 4*m - 3*m - 8869. List the prime factors of f.
3, 739
Let r(o) = 7*o + 41. Let w be r(-5). Suppose 5*z + 79 = -t, -4*z = -3*z - 2*t + 7. List the prime factors of 309/w - z/(-10).
2, 5
Let q = 549 + -217. List the prime factors of q.
2, 83
Let i(d) = 0*d - 161*d**2 + 157*d**2 - 2*d - 4*d**3 - 1. List the prime factors of i(-3).
7, 11
Let z = -23 - -22. List the prime factors of (-13 - 1)*z - 4.
2, 5
Let g(t) = 4 + 0 + 3*t + t + 0. Let v(p) = -9*p - 9. Let r(j) = 7*g(j) + 3*v(j). What are the prime factors of r(4)?
5
Let s be (-4 + 5)/(2/82). Let w = 9 + s. List the prime factors of w.
2, 5
Let y(k) = 14*k**2 - 2*k - 5. Let o be y(2). Suppose o = u - 26. What are the prime factors of u?
73
Let a(z) = z + 24. Let o be a(-18). List the prime factors of (-488)/(-12) - (-2)/o.
41
Let f = 605 + -74. List the prime factors of f.
3, 59
Let d(a) = -a**3 - 18*a**2 + 37. Let h be d(-18). Suppose 3*w - h - 381 = 2*k, 3*w = -3*k + 438. List the prime factors of w.
2, 71
Suppose 19*t - 3384 - 6382 = 0. What are the prime factors of t?
2, 257
Let g(b) = 220*b + 844. List the prime factors of g(6).
2, 541
Let n(x) = x**2 + 7*x - 5. Let k be n(-6). Let d = -9 - k. Suppose -16 = -d*s + 20. List the prime factors of s.
2, 3
Let u = 10511 - 4798. List the prime factors of u.
29, 197
Let m(b) = -b**2 - 2*b + 17. Let u be m(0). Suppose -2*i = -15 - u. List the prime factors of i.
2
Let v be (128 - (-1 + -2))/(-1). Let a = -39 - v. What are the prime factors of a?
2, 23
Suppose -22 = 3*c - 4*b, 4*c = -c - 3*b - 56. List the prime factors of (-1)/((-5)/c) - -199.
197
Let h = -30 + 34. What are the prime factors of (2/(-6))/(h/(-408))?
2, 17
Let k(s) = -s**2 - 37. Let b be k(0). Let v(g) = -2*g**3 + 8*g**2 - 5*g + 5. Let m be v(4). Let u = m - b. List the prime factors of u.
2, 11
Let p = -6 + 9. Suppose 2*n = -8, -p*n - 212 = -4*r - 4*n. List the prime factors of r.
2, 3
What are the prime factors of (759/(-11) - -6)*-6?
2, 3, 7
Let r be 33 + (0/(-4) - 0). Suppose -5*u + 3*u = -5*l + r, -2*l + 18 = -2*u. What are the prime factors of (-3)/((u/2)/22)?
3, 11
Suppose -5*r + 3*f = -53, 0*r - r + 5*f = -15. Let i = r - 7. Suppose 2*a + 54 = i*a + 4*k, -2*k = -4. What are the prime factors of a?
2, 23
Let t = -4 - -5. Let u be t*6/4*6. Let n = u + -1. What are the prime factors of n?
2
Suppose s - 2*r = -10, 0*s - 3*r = -2*s - 15. Suppose -2*z - 4*o + 26 = s, -3*z + z - o = -41. List the prime factors of z.
23
Let n be ((-3)/(-4))/(-1) - 1/4. List the prime factors of (-2)/(n*3 - (-1092)/366).
2, 61
Let f = -1105 - -2147. What are the prime factors of f?
2, 521
Let b be 14768/(-40) + 1/5. Let k = b + 602. Suppose 4*z = k - 85. List the prime factors of z.
37
Let b = 10724 - 6042. List the prime factors of b.
2, 2341
Let g be (-1285)/(-15) + 8/(-12). List the prime factors of (-17)/g - 112/(-10).
11
Let q be 88/22 - (0 + 0 + 0). Suppose -270 = -3*j + j - 4*l, 0 = -q*j - 4*l + 532. List the prime factors of j.
131
Suppose 68428 = 42*k + 24790. List the prime factors of k.
1039
List the prime factors of 1621 - (1 + -5 + 9 + -10).
2, 3, 271
Let m(d) = 45*d**2 + 1. Let x be m(-1). Suppose n - 166 = -5*w, w + 0*n = 3*n + x. List the prime factors of w.
2, 17
Suppose -116256 = 37*b - 149*b. List the prime factors of b.
2, 3, 173
Let d(a) = -a**3 + 5*a**2 + 17*a - 17. Suppose -14 = -9*s + 49. What are the prime factors of d(s)?
2
Suppose -319 = -17*n + 89. What are the prime factors of (n/(-30))/((-4)/650)?
2, 5, 13
Suppose 3*z = -159 - 204. Let d = z + 260. What are the prime factors of d?
139
Let x be (-159)/2*30/(-45). Suppose -4*r - 4*v = 56 - 8, -2*r = 4*v + 16. Let t = x + r. List the prime factors of t.
37
Let k = -7701 - -10866. List the prime factors of k.
3, 5, 211
Let q(w) = 23*w**2 - 5*w - 13. What are the prime factors of q(-3)?
11, 19
Let m(n) = -n**2 - 22*n - 16. Let t be m(-11). Suppose h + t = -4*h. Let f = h - -42. List the prime factors of f.
3, 7
Suppose -y = -5, -19 - 17 = -4*c - 4*y. Suppose -j = -c*t + 1417, 1108 = 5*t - 4*j - 677. What are the prime factors of t?
353
Suppose q - 2*t - 4 = 3*t, -3*q + t + 68 = 0. Let l = q + -28. What are the prime factors of 3/4 + (-165)/l?
2, 3, 7
Let c be 2*(3/(-6) + 2). Suppose -c*w = w - 8. Suppose 0 = 4*o - 16, x + 52 = 5*x - w*o. What are the prime factors of x?
3, 5
Let y be 13 - (-4 + -1 + 4). Let j = -8 + y. Suppose 0 = j*h - 33 - 21. What are the prime factors of h?
3
Suppose 0 = -4*r + 5*y, r + 5*y = 2*r. List the prime factors of r + -3 + 0 + 43.
2, 5
Let u(l) = -l**2 - 4*l + 2. Let i be u(-4). Suppose -i*w = -51 - 101. What are the prime factors of w?
2, 19
Let h = 1623 - 939. What are the prime factors of h?
2, 3, 19
Let m(d) = -73*d - 7. What are the prime factors of m(-2)?
139
Suppose -2*d + 3*n = 2*n - 2, -5*n - 10 = -4*d. Suppose -4*x - 3*g + 569 = d, -x + 4*x - g = 430. List the prime factors of x.
11, 13
Let c = 55 + 55. Suppose -c + 322 = 4*v. What are the prime factors of v?
53
Let x be 20/(50/16 - 3). Let c = -96 + x. List the prime factors of c.
2
Let h be ((-3)/(-1))/(0 - -3). Su